is the greatest common divisor of g and 216?
54
Let n = 6 - 12. Let a(c) = -c**3 - 2*c**2 + 6*c - 4. Let d be a(n). Let b(r) = -4*r - 7. Let g be b(-5). Calculate the greatest common factor of d and g.
13
Let z be (6/(-4))/((-2)/28). Suppose -r - 5*b + z - 3 = 0, -r + b = -18. Calculate the greatest common factor of r and 9.
9
Let p(s) = s**2 - 10*s + 4. Let i be p(4). Let j = -35 - i. Let t be j*-10*(-3)/(-9). What is the greatest common factor of t and 10?
10
Let v = 183 - 156. What is the highest common divisor of 27 and v?
27
Let c be ((-12)/10)/((-4)/(200/15)). Let l be 6/(-3) + 33 - c. What is the greatest common divisor of 81 and l?
27
Let v be (12 - 9)/(3*1) + 14. Let f be (-4)/((-80)/v) + (-10)/(-8). What is the greatest common divisor of f and 16?
2
Let k be 2453/11 - 4/(-4)*7. What is the highest common divisor of k and 40?
10
Suppose 222*p + 18 = 225*p. Calculate the highest common divisor of p and 438.
6
Let f(i) = -5*i + 10. Let w be f(0). Suppose -15 = -o + d, -2*o = -4*d + 7*d - w. Calculate the greatest common factor of 187 and o.
11
Suppose 2*c = 3*q - 108, q + 3*c + 0*c - 36 = 0. What is the highest common divisor of q and 360?
36
Let v(b) = -b**2 + 14*b + 2. Let w be v(8). Suppose -4*y + 50 = 3*s, -2*s + y = -2*y - 5. What is the greatest common factor of w and s?
10
Suppose 9*j - 378 = -12*j. Calculate the highest common divisor of 450 and j.
18
Let c = -23 + 26. Suppose -4*p + 18 = c*b, 2*p + 6 = -0*p. What is the highest common factor of 90 and b?
10
Suppose w - 6*w = 4*s - 14, -2*w - 4*s = 4. What is the greatest common divisor of w and 654?
6
Let i = 1511 + -1493. Let p(b) = -36*b. Let y be p(-4). What is the greatest common divisor of i and y?
18
Let c = -20 - -25. Suppose 4*i = -5*m - 83 + 366, -c*i + 3*m = -363. Let d be 1 + (-7)/(-2)*2. What is the greatest common factor of i and d?
8
Let y(m) = 6*m**2 - 9*m + 6. Let g be y(6). Calculate the highest common factor of g and 21.
21
Suppose 2*k - 64 = -o, 3*o + 9*k - 204 = 6*k. Calculate the greatest common divisor of 6 and o.
6
Suppose 2*l + 0*l = 8. Let u be (-4)/l + 6/1. Suppose 0*b - 4*b = -u*r - 616, -4*r = 0. What is the highest common factor of b and 22?
22
Let z(o) = 13*o + 14. Let v be z(2). Calculate the highest common factor of 40 and v.
40
Suppose 12*g + 5*b + 49 = 16*g, b - 7 = -2*g. What is the highest common factor of 39 and g?
3
Suppose 3*y - 5*v - 262 = -67, 5*y - 4*v - 312 = 0. Let z be 108/15*(2 - 63/(-6)). Calculate the highest common divisor of z and y.
30
Let h(q) = q**2 - 25*q + 110. Let a be h(22). Calculate the highest common factor of 1012 and a.
44
Let n = 14 + -18. Let a be (-5)/(-10) + (-58)/n. Let o be (1 + (-4)/6)*a. Calculate the greatest common factor of o and 35.
5
Let g = -110 + 114. Suppose 5*z + 2*x - 3*x = 14, z + 3*x = 6. Suppose 4*q - 47 = -z*v - g, -v - 9 = -2*q. What is the highest common divisor of 21 and q?
7
Suppose -3*n - x - 124 = 2*n, -5*n - 116 = -x. Let a = n - 18. Let b = 13 - a. What is the greatest common factor of 11 and b?
11
Let q(f) be the third derivative of 5*f**4/8 + 13*f**3/3 - 6*f**2 + f. Let a be q(13). What is the greatest common factor of 17 and a?
17
Suppose 3*i - 97 = -0*i + o, -4*i + 5*o + 111 = 0. Calculate the highest common divisor of 102 and i.
34
Let g(k) = -k**2 + k + 13. Let f be g(0). Suppose 4*d = -213 + f. Let w be (-5 - -1)*d/20. Calculate the greatest common factor of 50 and w.
10
Let n = 2111 + -2069. Calculate the greatest common factor of 78 and n.
6
Let w = 21 - 15. Suppose w*i - 52 = 38. Calculate the greatest common factor of 75 and i.
15
Let n be (-44)/550 + 14031/75. What is the greatest common factor of 77 and n?
11
Suppose -4*f = -j + 5 + 18, -2*f - 7 = j. Let p be 1*(-5 + j)*-2. Suppose -h - 100 = -3*x + 3*h, p*x - 145 = 3*h. What is the highest common factor of x and 8?
8
Suppose -80 = -z - 4*y, y = -4*z - y + 264. Let c = 31 - 15. What is the highest common factor of c and z?
16
Let c(i) = i**3 - 5*i**2 + 5*i - 2. Let l be c(4). Suppose -3*m = -l*g - 2*m + 17, -m - 33 = -4*g. What is the highest common factor of 40 and g?
8
Let y(x) = -6*x**2 - 162*x + 37. Let w be y(-27). What is the highest common factor of w and 481?
37
Suppose 8*y = 2*v + 11*y - 577, 4*v - 5*y - 1143 = 0. Calculate the greatest common divisor of v and 7.
7
Let p = -23 - -24. Let j be p/(-1 - (-3)/6). Let w be (-1)/(j/8)*3. Calculate the greatest common factor of 4 and w.
4
Let s be 3/(4 + 60/(-16)). Let a = -68 + 164. What is the greatest common factor of a and s?
12
Let j be ((-47)/(-141))/(100/99 + -1). What is the highest common factor of j and 110?
11
Suppose 147 = 2*r - c, 0 = 4*r + 2*c - 368 + 78. Let u = -83 - r. Let s = -80 - u. Calculate the greatest common divisor of s and 19.
19
Let f = -8 - -12. Suppose -f*h = -h - 45. Let x be (-2 + 8/(-16))*-2. What is the greatest common factor of h and x?
5
Suppose 0 = -5*p + 3*s + 2328, -5*s - 2065 = -5*p + 265. What is the greatest common factor of p and 651?
93
Suppose 0 = -o - 3*a + 26, -a - 31 = -3*o + 77. What is the highest common divisor of 14 and o?
7
Let b(g) = 3*g - 15. Let j be b(6). Let l(d) = 2*d + 4. Let k be l(j). Suppose -4*y = -5*y + 20. Calculate the highest common factor of k and y.
10
Suppose w - u = 170, 2*u + 668 = 4*w + u. Suppose -5*y + w = -4. Suppose -4*g + 6 = -y. What is the highest common divisor of g and 70?
10
Suppose 6*m = 2*m + 64. Suppose -m*f = -529 - 1391. What is the greatest common factor of 5 and f?
5
Suppose -5*r = 2*x - 380, 5*r - x = 3*x + 380. Calculate the greatest common factor of r and 16.
4
Let h be (40/12 + -3)*0 + 8. Let v(z) = -z**2 - z + 4. Let w be v(0). Calculate the highest common factor of h and w.
4
Suppose -2*g = -g - 18. Let t(b) = 4*b**3 - b**2 - b + 1. Let q be t(2). What is the highest common factor of g and q?
9
Let w(z) = 3*z**3 - 14*z**2 - z + 3. Let r be w(5). Calculate the greatest common factor of r and 92.
23
Suppose 4*q - q + 2*n - 47 = 0, -4*n - 36 = -4*q. Let x = -25 + 12. Let y be (52/16)/x + 157/4. What is the highest common divisor of q and y?
13
Let y(o) = -2*o**2 - 23*o + 18. Let n be y(-11). Calculate the highest common divisor of 928 and n.
29
Let s be ((-52)/8)/(2/(-4)). Suppose 0 = -0*v - 4*v - 2*a + 356, -v + 4*a + 107 = 0. Calculate the greatest common factor of s and v.
13
Let u(o) = -o**3 + 8*o**2 + 4*o + 12. Suppose 9 = 3*m, -z + 5*m = -4 + 13. Let r be u(z). Calculate the highest common factor of 12 and r.
12
Suppose -12 = 12*k - 16*k. Let t be 42/(-28)*(-62)/k. What is the highest common factor of t and 93?
31
Let p = 1075 - 1061. What is the highest common factor of 1134 and p?
14
Let v(a) = -a**3 + 10*a**2 - 7*a - 3. Let i be v(9). Let y = i + -9. Calculate the greatest common divisor of y and 42.
6
Suppose 0*n - j + 59 = 3*n, 3*j = n - 13. Suppose -t + 10 + 47 = 0. What is the highest common factor of t and n?
19
Suppose 0 = 5*s + 5*p - 115, -5*p = -16 + 1. Suppose -o - s = 4*o, 5*y = -2*o - 108. Let n = 48 + y. Calculate the greatest common divisor of 140 and n.
28
Let p be -2 - (-5 - (5 - -6)). Calculate the highest common divisor of 2 and p.
2
Suppose -24 = -d + 4*n, n = 3*d - 126 - 1. Let j = d - 7. Suppose 4*f = 71 + j. Calculate the greatest common divisor of f and 18.
9
Let i be -6 - (-13 - -6) - (0 + -35). Suppose i*b = 28*b + 16. Calculate the greatest common divisor of b and 16.
2
Suppose -y + 14 = -2*b, 3*b + 81 = -9*y + 13*y. What is the highest common factor of y and 64?
8
Let y(f) = 75*f - 28*f - 29*f + 5 - 30*f. Let v be y(-6). Calculate the highest common divisor of 7 and v.
7
Let l = 857 + -535. Calculate the highest common factor of l and 28.
14
Let j = 9 + -9. Suppose -26 = 4*h + 2*m + 20, j = -5*m - 5. Let o be (-2)/h - 60/(-33). Calculate the highest common factor of o and 14.
2
Let h = -42 - -16. Let j = -67 - -61. Let z = j - h. Calculate the highest common factor of z and 40.
20
Suppose 0 = -19*s + 23*s - 104. Calculate the greatest common factor of s and 234.
26
Let f = -192 - -248. What is the highest common divisor of 7 and f?
7
Suppose 4865 = -3*p + 14525. Suppose 12*g - 8*g - p = 0. Suppose 4*w = -w + g. What is the greatest common factor of w and 23?
23
Let r(v) = -78*v - 728. Let a be r(-12). Let x be ((-26)/5)/(2/(-10)). What is the